0 = -4*l - 0*l - 16. Does 19 divide k(l)?
False
Let r(w) = -w**3 - 4*w**2 - 7*w - 8. Let n be r(-7). Suppose -n + 18 = -5*p. Does 10 divide p?
False
Let s(b) = 4*b**2 - 5*b + 7. Is 17 a factor of s(4)?
True
Suppose 0 = 27*c - 16*c - 5368. Does 50 divide c?
False
Let v(f) = -f**3 + 5*f**2 + 8*f - 14. Is v(4) a multiple of 17?
True
Suppose -6*t + t = -20. Suppose 66 = -5*l - t. Is 16 a factor of 1*-1*(-2 + l)?
True
Suppose 3*l = -2*l - 30. Let y(a) = -7*a**3 - 7*a**2 + 7*a - 3. Let n(w) = -3*w**3 - 4*w**2 + 3*w - 2. Let x(t) = -5*n(t) + 2*y(t). Is x(l) a multiple of 10?
True
Suppose -16 = -19*l + 3442. Is 13 a factor of l?
True
Let p(i) = -i**2 - 3*i + 7. Let a be p(4). Is 3/a + (-297)/(-21) a multiple of 14?
True
Let i be -3 + 0 + (-16 - -17). Let o(u) = -8*u**3 + u**2 - u - 4. Is o(i) a multiple of 11?
True
Suppose 0 = -5*z - 4*w + 200, 0 = -2*z - 3*w + 65 + 22. Is 12 a factor of z?
True
Let x = 5 + 0. Let p(n) = n**2 - 3*n + 1. Does 6 divide p(x)?
False
Suppose -2*n - n = -42. Is n a multiple of 5?
False
Is 52/12 + -5 - 364/(-6) a multiple of 30?
True
Suppose -87 = -2*m - 5*o - 0*o, -5*o = -5*m + 165. Is 12 a factor of m?
True
Let l be (-3)/9 - (-3)/9. Suppose 0 = 4*g + k + k - 14, 5*g = -3*k + 18. Suppose -2*j + 3*i = -60, g*j + l*i + i = 101. Is j a multiple of 14?
False
Let s = -9 - -33. Suppose 16 = 5*q - s. Is 4 a factor of q?
True
Let m = -48 - -62. Suppose -3*j + 2*p + 5 = 0, -j = p + 5 - 0. Let s = m - j. Is 5 a factor of s?
True
Suppose -4*j = -0*j. Suppose j*p = -2*p + 60. Is 15 a factor of p?
True
Suppose -3*z + 8*z = 3*i - 23, 5*i + z - 29 = 0. Let k(y) be the third derivative of -y**5/60 + 7*y**4/24 + y**3/3 - 2*y**2. Is 4 a factor of k(i)?
True
Let h = 8 - 8. Suppose 2*d = u + 5*d - 4, h = u - d - 20. Is u a multiple of 8?
True
Suppose 2*w = -0*w - 16. Suppose 0 = p - 6*p + 5*l + 205, 170 = 5*p + 2*l. Let x = w + p. Does 14 divide x?
True
Let k = 1 - -5. Let z be (-1*3)/(k/(-28)). Suppose 3*y - 74 + z = 0. Is y a multiple of 16?
False
Let f be (-1 + 6)*(-6)/(-10). Let o be ((-1)/f)/((-1)/6). Suppose -5*t - 3*x = -28, o*t - 9 + 1 = -2*x. Is t a multiple of 5?
False
Suppose -3*q = 5 - 35. Is 5 a factor of q?
True
Let x(s) = -s**2 - 6*s + 2. Let a be x(-4). Suppose n = -n + a, -5*t - 4*n = -30. Suppose -t*h - 4*v + 40 = 0, 2*v = -3*h - v + 48. Is 12 a factor of h?
True
Let c(b) = -2*b**2 - 5*b + 9. Let m(h) = -3*h**2 - 6*h + 10. Let x(f) = 4*c(f) - 3*m(f). Let a = 8 + -4. Is 5 a factor of x(a)?
False
Let m be (0 - (-3 + 2))*71. Suppose 3*j - m = -4*w + 6*w, -5*w - 97 = -4*j. Does 19 divide j?
False
Let k(u) = u**3 - 3*u**2 + u + 4. Is k(4) a multiple of 8?
True
Suppose -4*a - 13 = 7. Let b = a + 7. Is 2 a factor of b?
True
Is 150/(-35)*(-1 - 6) a multiple of 5?
True
Suppose -3*n - 6 = -27. Suppose -3*p = -3*f - 54, p + f - n = 1. Is 13 a factor of p?
True
Let q(m) = -7*m**2 - 7*m - 1. Let n(a) = 48*a**2 + 48*a + 6. Let u(g) = 4*n(g) + 27*q(g). Is u(3) a multiple of 15?
False
Suppose -3*v + 20 = 2*x, x - 2*x + 3*v + 19 = 0. Is x a multiple of 10?
False
Suppose -4*u + u = -5*a + 33, -u = -5*a + 31. Suppose a*k - 25 = k. Suppose -k*f - 34 + 134 = 0. Is f a multiple of 10?
True
Let s be 1*2 + -4 + 2. Suppose 5*t - k - 248 = s, -2*t + 144 = t - 3*k. Suppose 4*q - 25 = -q, 5*l + 2*q - t = 0. Does 4 divide l?
True
Let o be -3*(-3)/(-18)*-10. Let n(p) = 4 - 1 - 2 + 7*p. Does 12 divide n(o)?
True
Let p = 62 + -34. Let w be ((-6)/4)/((-12)/32). Suppose w*x - p = -0*x. Does 5 divide x?
False
Let i = -9 - -4. Let u = i - -20. Is (-10)/4*(-18)/u even?
False
Let h(n) be the second derivative of 0 + 7/6*n**3 - 3*n**2 - 1/12*n**4 + 4*n. Is 6 a factor of h(4)?
True
Suppose -3*w = -3 - 18. Suppose 5*i + r - 22 = 0, -3*i - 3*r - 19 = -5*i. Suppose i*b - 28 - w = 0. Is 7 a factor of b?
True
Let t(y) = -7*y**3 - 27*y**2 + 17*y + 5. Let c(p) = 3*p**3 + 13*p**2 - 8*p - 2. Let m(s) = 9*c(s) + 4*t(s). Is 18 a factor of m(8)?
False
Let j = 8 - 7. Is (6 - 2)/j*5 a multiple of 17?
False
Suppose -284 = -z - 3*z - 4*y, -6 = -2*y. Does 17 divide z?
True
Let n = 100 - 83. Does 5 divide n?
False
Let k be (-20)/10 - (0 + -38). Suppose -4*b - k = -2*t - t, 42 = 3*t - 2*b. Is 7 a factor of t?
False
Let x = -4 - 17. Let f = 11 - x. Does 10 divide f?
False
Let g = 5 + -18. Let m = 62 + g. Is 16 a factor of m?
False
Let d(q) = -10*q - 16. Is d(-3) even?
True
Suppose -39*b + 900 = -34*b. Does 10 divide b?
True
Suppose 2*s - 38 = 4*u, 4*s = -4*u - 10 - 10. Is 10 a factor of (-2)/(-4) + (-76)/u?
True
Suppose -5*g + 5*z - z + 113 = 0, g - 28 = -z. Suppose -3*u + 2*b + g = -23, 3*b = 0. Is u a multiple of 6?
False
Let q(f) = 7*f**2 + 5*f + 2. Let r be q(-3). Suppose -7*l + 2*l - 180 = 0. Let c = r + l. Is 9 a factor of c?
False
Let d(a) = a + 4. Let u be d(0). Is u/16 + 47/4 a multiple of 12?
True
Suppose -166 = 5*z - 741. Let t be 30/(-4)*(-24)/9. Does 17 divide ((-8)/t)/((-1)/z)?
False
Suppose -1 = -r - f, -2*f - 12 = f. Suppose 0 = -r*c + 2*i + 70, 4*i + 14 = -3*c + 56. Is 14 a factor of c?
True
Suppose -5*s - 3*q + 180 = -8*q, 0 = 3*s + 3*q - 84. Is 20 a factor of s?
False
Let o = -23 + 80. Does 7 divide o?
False
Let o(q) = 10*q + 1. Is o(1) a multiple of 11?
True
Let b = 12 + -6. Let a = -5 + -4. Is 18 a factor of b/a*3 - -37?
False
Suppose 2*a + 3*a = 0. Suppose u - 23 = -a*u. Is 13 a factor of u?
False
Let k be (1*-37 + 0)*-2. Suppose k = 5*m - 1. Is 5 a factor of m?
True
Is 216/4*(-2 + 3) a multiple of 12?
False
Let q(a) = -36*a + 6. Let d(r) = -24*r + 4. Let s(u) = -8*d(u) + 5*q(u). Let l be s(-2). Does 7 divide 2/(0 - 4/l)?
False
Suppose 0 = 4*o - o. Let v be (2 - 4)*(o + -1). Suppose -n = -4 - v. Does 6 divide n?
True
Let f be (-122)/14 - 18/63. Is 8 a factor of 3/f*(-89 - -2)?
False
Suppose -3*u + 6 = 3. Let j be 8/(-8) - (-2 + u). Is -2 - -1 - j - -6 a multiple of 5?
True
Let f(k) = 6*k - k - 3*k + 6*k. Is 4 a factor of f(1)?
True
Suppose 607 = 4*f - 977. Is f a multiple of 22?
True
Let q(c) = 2*c**2 + c - 2. Let s(i) = i + 4. Let p be s(-6). Let l be q(p). Let g = l - -20. Is g a multiple of 12?
True
Let d = 302 - 62. Is 16 a factor of d?
True
Suppose 5*b + 7 = 2. Let o be b*(1 + (2 - 2)). Is -3 - (-1 + 21*o) a multiple of 7?
False
Let b be (-2)/(-6)*0 + 24. Suppose -4*c + b + 4 = 0. Does 4 divide c?
False
Suppose -3*r + 2*t + 16 = 0, 0*r = -4*r + 5*t + 26. Suppose 18*o = 17*o - 1. Let q = r + o. Does 2 divide q?
False
Suppose -4*r - n - 18 = -3*n, 4*r - n + 23 = 0. Let u = 21 - r. Is u a multiple of 12?
False
Suppose 2*u = 2*h, -2*h + 2*u = u. Suppose j = 2*y - 95 - 83, -2*y + 198 = 4*j. Suppose -5*q + h = -15, 4*g = -q + y. Is g a multiple of 11?
True
Suppose -3*j = -6*x + x + 251, 2*x + 3*j - 92 = 0. Let h = x - 7. Suppose -5*t - 17 = -3*s - h, 5*s = 4*t - 20. Is 2 a factor of t?
False
Let c(s) = -s**2 - s + 288. Let p be c(0). Suppose -7*y + p = -3*y. Is 22 a factor of y?
False
Suppose 3*q - 130 = 2*m, 3*m - 2*q = 2*q - 194. Let z be m/4 - 2/4. Let s = 31 + z. Is s a multiple of 9?
False
Let a = -56 + 66. Is 2 a factor of a?
True
Let o(q) = -6*q. Let l(c) = c. Let h(x) = -22*l(x) - 4*o(x). Let n = 18 - 11. Is 14 a factor of h(n)?
True
Let q(p) = -p + 17. Does 6 divide q(9)?
False
Let h(k) = -k + 23. Let z be h(0). Let r(a) = a**3 - 6*a**2 - 6*a - 4. Let g be r(7). Suppose -g*o - 5*n + z = 0, 4*o + n = -0*n + 59. Is 8 a factor of o?
True
Let d(h) = 4*h**2 - 4*h + 4. Let m be (-4)/14 + 184/56. Is 9 a factor of d(m)?
False
Let a = 2 - 2. Suppose -5*t + 180 = -a*t. Does 9 divide t?
True
Let c = 93 + -7. Is c a multiple of 43?
True
Is 3 a factor of ((-5)/2)/((-8)/48)?
True
Let r(a) = a. Let z be r(3). Suppose -4*j + j - 4*y = 5, -j - z*y = 0. Is 6 a factor of (-2)/j - (-50)/6?
False
Suppose -4*m + 5*w = 6*w - 435, 4*m = w + 429. Suppose 3*k = k + m. Is 19 a factor of k?
False
Let w(s) = s**2 + 7*s. Let d be w(-7). Suppose 0 = f - d*f - 4. Suppose -f*p - 3*x + 25 = 0, -5*x - 1 - 25 = -3*p. Does 2 divide p?
False
Suppose 0 = -4*d - 3*k - 0*k + 300, -d - 5*k + 58 = 0. Is d a multiple of 13?
True
Suppose -3*c - 30 = -2*w, 0*c + 5*c + 4*w = -28. Let b be ((-15)/(-10))/(6/c). Is 10 a factor of 1 - (1 - 27) - b?
False
Let i(y) = y - 2. Let n be i(5). Let q = n - -2. Suppose -65 + 19 = -2*m - 2*a, 0 = -3*m + q*a + 93. Is 12 a factor of m?
False
Suppose -2*n + 4*d =